(-3 + 2 - -3) is divided by 9.
6
Let k(x) = -x**2 - 6*x + 4. What is the remainder when 7 is divided by k(-6)?
3
What is the remainder when 1/(-2)*-103 + (-10)/(-20) is divided by 14?
10
Let a(z) = 2*z**2 - 3*z. Let c be a(2). Suppose 0*y = c*v + y - 11, 5*y = -v - 8. Calculate the remainder when v is divided by 3.
1
Let c(y) = y**3 - 1. Let r be c(1). Calculate the remainder when 30 is divided by (-3)/6*r - -8.
6
Let a(k) = -k - 2. Let h be a(-8). Suppose -75 = -h*v + v. Calculate the remainder when v is divided by 4.
3
Let k = -38 - -60. What is the remainder when 42 is divided by k?
20
Let p(t) = 3*t**3 + 22*t**2 + 25*t + 13. Let c(b) = b**3 + 11*b**2 + 12*b + 7. Let j(f) = -5*c(f) + 2*p(f). Calculate the remainder when 27 is divided by j(12).
12
Let b = 12 + 134. What is the remainder when b is divided by 37?
35
Calculate the remainder when -2 + 1*(-3 - -22) is divided by 10.
7
Suppose -2*u = b - 4, 7*u = -4*b + 3*u. Suppose -7*l + 4*l + 2*p = -11, 0 = -5*l + p + 16. Calculate the remainder when l is divided by 2/b*(0 + -2).
0
Let t(p) be the second derivative of p**4/2 + p**3/6 + p**2 + p. Let v(g) = -3*g - 2. Calculate the remainder when t(-2) is divided by v(-5).
11
What is the remainder when 49 is divided by (-371)/(-21) + 3 + (-22)/6?
15
Let y(a) = 4 + 12*a + 2 + 1 - 5. Calculate the remainder when y(3) is divided by 10.
8
Let i be (-2)/5 + 684/10. Suppose 0*v = -4*g - v + 124, 2*g + 5*v = 62. Let w = i - g. What is the remainder when w is divided by 13?
11
Let h(b) = 4*b**2 - 3*b - 9. Calculate the remainder when h(-4) is divided by 17.
16
Suppose 3*s - 5 - 7 = 0. Suppose -2*h + 5*t + 41 = 0, s*h - 5*t - 58 = -3*t. Calculate the remainder when 37 is divided by h.
11
Let m(y) = 2*y**2 + 7*y + 7. What is the remainder when 87 is divided by m(-5)?
21
Suppose -3*d + 0 = -9. Let x = 11 + -2. Suppose x = c + 5*m, 3*m + 9 = 2*c - 9. Calculate the remainder when c is divided by d.
0
Suppose f - 6*f = 50. What is the remainder when 31 is divided by 46/4 + 5/f?
9
Suppose -4 = 5*w - w - 4*o, 3*o = -2*w - 2. Let p = w - -6. Suppose 5*j = 4*a + 8 + 25, -60 = -5*j - p*a. Calculate the remainder when 25 is divided by j.
7
Let q(c) = -c**3 + 9*c**2 - 5*c + 7. Calculate the remainder when 91 is divided by q(8).
29
Let y(b) = b + 1. Let j be y(7). Suppose a - j = 3. What is the remainder when 42 is divided by a?
9
Let k be -1 - 4/(8/(-14)). Suppose 4*m - k*m = 0. Suppose 3*r - 2*d - 37 = m, -8*d + 3*d + 80 = 4*r. Calculate the remainder when r is divided by 8.
7
Suppose 6*l - 3*l = -21. Suppose 4*n - 9*n = 15. Let y = n - l. What is the remainder when 6 is divided by y?
2
Calculate the remainder when ((-9)/27)/((-2)/36) is divided by 5.
1
Suppose 0 = -4*s + 9*s + 15. What is the remainder when s - (0 + -17 - -3) is divided by 6?
5
Let s(z) = 4*z**2 + z. Let l be s(-1). Suppose -l*r + 7*r = 56. Calculate the remainder when r is divided by 4.
2
Let p(y) = -154*y**3 + y**2 + 2*y + 1. Suppose 5*d + 11 = u + 2, -2*d - 8 = 4*u. Let s be p(u). Let i = s + -105. What is the remainder when i is divided by 25?
24
Suppose 16*v = 334 - 14. Suppose 5*q - 4*g - 205 = 0, 0 = 2*q + 2*q - 2*g - 158. What is the remainder when q is divided by v?
17
Let z(p) = p**2 + 3*p - 4. Let f be z(-4). Let d be -2 - ((f - -1) + -17). Suppose -w = -2*w + d. What is the remainder when 41 is divided by w?
13
Let q be 3 + -7 + 2 + -1. Let t(d) = -5*d - 4. Let y(o) = o**2 + 5. Calculate the remainder when y(4) is divided by t(q).
10
Let t(d) = 3*d + d - 3*d + d - 2 + 7*d**2. What is the remainder when t(-2) is divided by 8?
6
Suppose 2 + 4 = 3*o. Suppose 0 = -o*w - 4, 2*w - 4 = -d + 1. What is the remainder when d is divided by 5?
4
Let u = -82 - -105. Calculate the remainder when 160 is divided by u.
22
Let g(h) = h**3 - 4*h**2 - 3*h - 3. Suppose 0 = 4*r - 3*x - 5, -28 = -4*x - 8. Calculate the remainder when 12 is divided by g(r).
5
Let t = 9 - 4. Suppose u - t*u = -16. What is the remainder when 11 is divided by u?
3
Let h(m) be the third derivative of m**6/120 + m**5/60 - m**2. What is the remainder when h(3) is divided by (-41)/(-2) + 6/(-4)?
17
Let t = -6 + 6. Suppose a + 3*a - 188 = t. Calculate the remainder when a is divided by 12.
11
Let l(z) = -z - 8. Let n be l(-8). Suppose x - 37 = -5*v, n = x - 5*v + 4 - 1. Calculate the remainder when 33 is divided by x.
16
Let v = 68 + -67. Calculate the remainder when 7 is divided by v.
0
Let y be (-8)/20*10/2. Let k be ((-9)/6)/((-1)/y). What is the remainder when 21 is divided by 26/((-6)/k) - 2?
10
Let z = 7 - 6. Calculate the remainder when 37 is divided by ((-3)/9)/z*-30.
7
Suppose 43 - 91 = -3*g. Calculate the remainder when 31 is divided by g.
15
Let n(w) = -2*w - 3. What is the remainder when 51/15 + 2/(-5) is divided by n(-2)?
0
Suppose -3*b + 2*x + 27 = 7*x, 0 = -5*b + 2*x + 76. Suppose 3*o + t - 55 - 65 = 0, -5*t + 67 = 2*o. Calculate the remainder when o is divided by b.
13
Let i = 0 + 8. Let b(d) = 3*d + 13. Let t be b(9). Suppose -r = 18 - t. What is the remainder when r is divided by i?
6
Let w(i) = 2*i**2 - 3*i + 4. What is the remainder when w(4) is divided by 9?
6
Suppose -3*l = -4*i - 13, 0*l + 3*i - 70 = -5*l. Calculate the remainder when -2 + 0 + (45 - 1) is divided by l.
9
Let f(j) = 15*j - 26. Let c = -1 + 5. Suppose -2*l - 4*b = -32, -3*l = c*b + b - 46. Calculate the remainder when f(4) is divided by l.
10
Let s(w) = -w**2 + 15*w + 2. Calculate the remainder when s(7) is divided by 12.
10
Let z(j) = j**3 - 2*j**2 - 2*j - 4. Let q be z(3). Let f(o) = 35*o**2 + 1. Calculate the remainder when f(q) is divided by 19.
17
Let m = -112 + 128. What is the remainder when 78 is divided by m?
14
Let q(c) = -9*c - 1. Let s = 153 + -86. What is the remainder when s is divided by q(-2)?
16
Suppose 5*z = 111 - 21. Let k = z - 4. Suppose -5*w - 2*y = -35, 5*y - 10 = w + 2*y. What is the remainder when k is divided by w?
4
Suppose -2*f = -0*f - 18. Calculate the remainder when 26 is divided by f.
8
Let z = 1 - 1. Let a be z - -40 - (1 - 3). Suppose 0 = 2*t + t - a. What is the remainder when t is divided by 8?
6
Let t(w) = w + 3. Let a be t(-5). Let b = 24 + 3. What is the remainder when b is divided by a + 4 - 4 - -9?
6
Suppose 18 = 3*t - 4*z, -4*z = 2*t - 8 - 4. Suppose 9*k - t*k = 33. What is the remainder when 42 is divided by k?
9
Let c(k) = k**2 + 9*k - 16. Calculate the remainder when 0 - 1 - -17*1 is divided by c(-11).
4
Let p(y) = y**3 + 15*y**2 + 13*y + 10. What is the remainder when p(-14) is divided by 5?
4
Let u(s) = 1 - s**2 - 3*s + 2*s**2 - 2. Let g = 74 + -42. What is the remainder when g is divided by u(-3)?
15
Let m(f) = f**2 - 3*f - 2. Let d be m(4). Suppose -d*t - p = -8, -t = -0*t + 4*p + 3. Calculate the remainder when t is divided by 6/5*10/4.
2
What is the remainder when 128 is divided by (-138 - -9)*3/(-9)?
42
Suppose -4*h = -0*h - 20. Suppose h*o + 51 = 5*f + 166, -5*o = -4*f - 112. What is the remainder when o is divided by 7?
6
Suppose -5*r + 40 = -10. Suppose -r = -2*y + 20. Calculate the remainder when 26 is divided by y.
11
Suppose 3*c = -2*c + 70. What is the remainder when c is divided by 3?
2
Let n(j) = j**3 + 4*j**2 + j + 1. Calculate the remainder when 48 is divided by n(-3).
6
Suppose -2*g + 3*s + 11 = 0, -g + 15 - 2 = -4*s. Suppose 5*r - 108 = 2*w, -w + g - 88 = -4*r. What is the remainder when r is divided by 8?
6
Suppose -2*m - m = -36. Calculate the remainder when -3 + (-148)/(-1*4) is divided by m.
10
Let u(y) = -y**3 + 4*y**2 + 6*y - 2. Let x be u(5). Let w = x - 0. Suppose 0 = -0*s + 4*s - 8. What is the remainder when w is divided by s?
1
Suppose h = 0, -5*a + 158 = -4*h + 8. What is the remainder when (36/a)/(2/5) is divided by 2?
1
Let y = 47 - -5. Calculate the remainder when y is divided by 9.
7
Let i = 46 + -18. Suppose 3*a + i = -0*a - q, -5*a + 2*q = 32. What is the remainder when (-10)/a*14*2 is divided by 12?
11
What is the remainder when (-5)/25 - (-48)/15 is divided by 2/4 - 2/(-4)?
0
Let n(l) be the first derivative of -l**3/3 + 9*l**2/2 - 5. Let r = 38 + -24. What is the remainder when r is divided by n(8)?
6
Let x(h) = 2*h + h**3 - 2 - 2 - 10*h**2 - 1 + 2*h. Let i = 25 - 7. Calculate the remainder when x(10) is divided by i.
17
Suppose -33 - 84 = -3*k. Calculate th